(-16)/(-10)?
2
Let t = 592 + -91. What is the tens digit of t?
0
Let c(l) be the first derivative of -l + 1. Let f(t) = -t + 2. Let y(k) = 4*c(k) + 3*f(k). What is the units digit of y(-6)?
0
Let i(y) = 3*y - 24. Let t be i(9). Suppose 2*f = -5*x + f + 294, 0 = t*f - 12. What is the units digit of x?
8
Suppose 4*m - 3*w = 3608, 2*w = -7*m + 4*m + 2689. What is the hundreds digit of m?
8
Suppose 7*i + 3726 - 17908 = 0. What is the units digit of i?
6
Let w be -1 + (23 - (6 - 2)). Let f(c) = -c**3 + 19*c**2 - 16*c - 22. What is the tens digit of f(w)?
1
Suppose -5*q = 11*q - 5920. Suppose -5*d + 295 = -q. What is the hundreds digit of d?
1
Suppose -2*v - 15 = -69. Let w be (1*2)/(38/57). Suppose -w*l - 3*y = -v, y + 4 = -0*y. What is the tens digit of l?
1
Let u(x) = 8*x + 30. Let j(t) = 24*t + 90. Let o(w) = 6*j(w) - 17*u(w). What is the tens digit of o(10)?
1
Suppose -m + 20 = m. Suppose 20*f + m = 22*f. What is the units digit of f?
5
Let y be -6*(-3)/(-6) + 1. Let x = y + 5. Suppose g - x*g = -48. What is the tens digit of g?
2
Suppose -31*s + 39434 = -10290. What is the hundreds digit of s?
6
Let l = 239 + -110. What is the hundreds digit of l?
1
Let x(r) = 11*r - 14. Let h(k) = 4*k**2 - 4*k + 2. Let z be h(2). Let f be x(z). Suppose 2*a - 4*l = -2*l + f, 0 = 2*l - 10. What is the tens digit of a?
5
Let m be (-78)/(-8) + 184/(-32) + 6. What is the tens digit of (-6480)/(-75) - 4/m?
8
Let a = -397 + 632. What is the units digit of a?
5
Let k = 109 + -109. Suppose k = -13*c + 3685 + 46. What is the tens digit of c?
8
Suppose -3*c = 7 - 10. What is the units digit of (-3)/c + 1 - -10?
8
Let i(n) = 458*n + 160. What is the hundreds digit of i(4)?
9
Let i = 157 - -19. Suppose 0 = -3*o - 0*y + 2*y + 274, -2*o + 3*y = -i. What is the tens digit of o?
9
Let y = 90 + -93. Let i(q) = -5*q**3 - 3*q**2 + 2*q + 8. What is the hundreds digit of i(y)?
1
What is the tens digit of -3 - 4*21/12*-66?
5
Suppose v - 81 = 295. What is the tens digit of v?
7
Let s = 2855 + 1897. What is the tens digit of s?
5
Let c(p) = 8*p**2 + 2 + 0*p + 0*p**2 - 2*p. Suppose -6*i - 137 = -149. What is the units digit of c(i)?
0
Suppose 4*o + 13 - 13 = 0. Suppose -4*t - 3*u + 897 = o, 5*t - 1131 = -5*u - 16. What is the tens digit of t?
2
Let o be (23/92)/(1/8). Suppose 3*q - o*d + 3*d - 855 = 0, 299 = q + 5*d. What is the hundreds digit of q?
2
What is the units digit of (24 + -1)*(24 + -20)?
2
Let h(u) = -6*u - 4. Let o be h(-1). What is the tens digit of o/4*884/13?
3
Let b be (-4)/(-16) - 618/8. Let q be 531/(-18) - (-7)/2. Let a = q - b. What is the tens digit of a?
5
Suppose -9*z + 8*z + 4 = 0. Suppose 4*b + 105 = 2*u + 11, -z*b + 65 = u. What is the tens digit of u?
5
What is the units digit of -7 - -10 - (3 + -17)?
7
Let y(x) be the third derivative of -7*x**6/120 - x**5/30 - x**4/8 - 5*x**3/6 - 11*x**2. What is the tens digit of y(-2)?
4
What is the hundreds digit of (37/4)/((-17)/(-1836))?
9
What is the units digit of 71 + (3/4)/(1/4)?
4
What is the thousands digit of 35812/16 + (-4)/((-192)/36)?
2
Suppose -30842 = 247*d - 261*d. What is the thousands digit of d?
2
Suppose 103 = -36*h + 8491. What is the tens digit of h?
3
Suppose -4*w + 2*v - 3*v = -364, 196 = 2*w + 4*v. What is the hundreds digit of ((-6)/2)/((8/w)/(-4))?
1
Suppose 4*q + 6*q = 1950. Suppose 7*b - 43 - q = 0. What is the tens digit of b?
3
Let g = -12 + 4. Let n = g + 22. Suppose -4*y = 5*k - 28, 5*y + 0*k = -k + n. What is the units digit of y?
2
Let t be (-3 + (-30)/(-12))/(1/(-10)). Suppose -6*k + 3*q = -2*k - 668, 660 = 4*k - t*q. What is the tens digit of k?
7
Let n(f) be the first derivative of -3*f**2/2 + 2. Let b be n(1). What is the tens digit of (12/(-8))/b*28?
1
Suppose 9*l + 272 = 7*l. Let g = l - -211. What is the units digit of g?
5
Suppose 0 = -5*x - 6 - 4. What is the units digit of x/(-13) - (-906)/26?
5
Let u be -8 + (-2 + 2)*1. Let p(b) = b**3 + 9*b**2 - 3*b - 18. What is the tens digit of p(u)?
7
Let y(o) = -2*o**3 + o**2 + o + 1. Let x be y(-1). Let a be (0/(-3))/(6/x). Suppose 4*h + 4*j = 24, h - 4*j + 14 + 0 = a. What is the units digit of h?
2
Suppose 4*b + 2 = 5*x, 0 = -5*x + 2*b + 6. Suppose 4*j - 66 = -x*g, -5 = -j + 3*g + 8. What is the tens digit of j?
1
Let v = 15 + -21. Suppose 0 = q - 5 - 13. What is the units digit of q/(-1)*(v - -5)?
8
Suppose 0 = -0*k + 5*k + 830. Let b be k/(-6) + 2/6. What is the units digit of (-14)/b + 75/2?
7
Suppose 0 = -2*g + g + 2. Suppose 0 = -3*z - g - 16. Let o(y) = y**3 + 5*y**2 - 7*y - 5. What is the units digit of o(z)?
1
Let m(f) = 1 - 263*f**2 + f**3 + 258*f**2 - 2*f - 2*f. Let g be (1 + (2 - 0))*2. What is the tens digit of m(g)?
1
Let y = -68 + 30. Let g = 98 + y. What is the tens digit of g?
6
Let f = -737 + 1089. What is the units digit of f?
2
Let l be 2 + 6/10 + 6/(-10). Suppose 3*n - 2*m = 311, 3*n + l*m - 245 = 62. What is the units digit of n?
3
Suppose -4*w + 2*b = 6, 3 = 4*w - 0*b + b. Suppose 0 = -c - w*c + 4*k - 10, -c - 4*k = -14. Suppose -2*v - c*v = -176. What is the units digit of v?
4
Let f(s) = -5*s**3 - 2*s**2 - 16. Let o(h) = 9*h**3 + 3*h**2 + h + 31. Let b(t) = 11*f(t) + 6*o(t). What is the tens digit of b(-7)?
1
Suppose 80 = -3*a + 7*a. Suppose 0 = 5*t + a, 4*w = -0*t + 3*t + 136. What is the units digit of w?
1
Let z = 1078 - 840. What is the tens digit of z?
3
Suppose 5*a = -4*v + 107, -3*v - 4*a + 49 = -32. Let g = -17 + v. What is the units digit of g?
6
Suppose 2*n + n - 276 = 0. Suppose -3*d = -4*u - 321 + 58, d + 3*u = n. What is the units digit of d?
9
Suppose 7*g - 12 = 3*g. Suppose 0 = 5*c + t - 720, 2*c - 265 = -2*t - g*t. Suppose -5 = -3*i + c. What is the units digit of i?
0
Suppose 5*s - 54 = 11*s. Let i(o) = o**3 + 8*o**2 - 10*o + 16. What is the tens digit of i(s)?
2
Suppose 3*a + 11 = 4*a. Suppose -a = -s - 27. Let w = 29 + s. What is the units digit of w?
3
Suppose 2*q - 3 = -g, g = 5*q - 2*g - 13. Suppose 4*p - q*r + 3*r + 76 = 0, r + 4 = 0. Let w(z) = z**3 + 17*z**2 - 21*z - 6. What is the tens digit of w(p)?
4
Let v be (-2 - 1)/(12/(-496)). Suppose -4*b = -3*y - 251, 2*y = 2*b - 0*y - v. What is the units digit of b?
5
Let m = 2066 - 1299. What is the hundreds digit of m?
7
Let s(x) = -x**3 - 2*x**2 + 3*x + 7. Let n be s(3). Let z be 1086/21 - (-4)/14. Let l = n + z. What is the tens digit of l?
2
Let p be (-57)/(-11) - 2/11. Suppose -42 + 11 = -3*m + p*j, m = -j - 3. Suppose m*l - 16 = 30. What is the tens digit of l?
2
Let b be 1715/20 - (-6)/(-8). Suppose -4*x + 79 + b = 0. Suppose 2*f = 3*f - x. What is the units digit of f?
1
Let g(n) = 122 + 7*n - 113 + n**2 + 0*n**2. Let f be g(-6). Suppose 167 = 4*l - 0*r + f*r, -162 = -4*l - 2*r. What is the tens digit of l?
3
Let g(t) = -2*t**3 - 70*t**2 - 48*t - 58. What is the hundreds digit of g(-36)?
2
Let j = -124 + 304. Suppose -g = 2*g - j. What is the units digit of g?
0
What is the units digit of (6/4 + -2)/((-38)/532)?
7
What is the units digit of (1980/(-150))/((-2)/25)?
5
Let b(u) = 81*u - 268. What is the tens digit of b(6)?
1
Let p(t) = -2*t**3 + 13*t**2 + 3*t - 10. What is the units digit of p(6)?
4
Let s(r) = r**3 + 8*r**2 + 11*r + 6. Let f be s(-8). Let z(d) = 6*d**3 - 3*d**2 + 2*d - 2. Let k be z(3). Let a = k + f. What is the units digit of a?
7
Let i = -13 - -17. Suppose 3*p - 212 = i*j - 2*j, 0 = 2*j + 2. What is the units digit of p?
0
Let z = 11 + -14. Let c be 2 - (z - 4/(-2)). Let s(y) = y**2 + 2*y - 7. What is the units digit of s(c)?
8
Let r be (-395)/25 + (-4)/(-5). Let q = r + 37. Suppose -14 = -2*g + q. What is the tens digit of g?
1
Let i(p) = 2*p + 13. Let j be i(-5). Suppose f - j*f = -78. What is the units digit of f?
9
Suppose -3*r + 21 = -0*r. Let l be (0 - -10)/(-2) + 76. Suppose 0 = -5*o + 4*d + 202, r + l = 2*o - 3*d. What is the tens digit of o?
4
Let r(a) = -2*a**3 - 12*a**2 - 11*a + 1. What is the units digit of r(-5)?
6
Let l(h) = 2*h**3 - 4*h**2 - 11*h + 16. Suppose 5*v - 5*t - 59 + 19 = 0, 3*v - 20 = t. What is the hundreds digit of l(v)?
2
Suppose 0 = 5*i + 25, -13*i + 10*i + 531 = 3*m. What is the tens digit of m?
8
Let a = -19 + 12. Let k be 1/(-2)*0 + a. Let x(y) = -y**2 - 9*y + 6. What is the tens digit of x(k)?
2
Let k = 1098 - -260. What is the thousands digit of k?
1
Suppose -2*q + 3*s = q -